t s = 18 - 16. Determine q(s).
12
Let r(m) = 4*m**2 - 2*m - 5*m**2 + 0*m. Give r(-4).
-8
Let q be 5 + (4 - (3 - -5)). Let x(d) = -8 - 3*d + q + 6. Calculate x(1).
-4
Let d = 0 + 3. Let b(s) = -2*s**2 + 8*s + 1. Let q(j) = j. Let i(y) = -b(y) + 4*q(y). Give i(d).
5
Let d(w) = w**2 + 8*w + 4. Let p be d(-9). Suppose 4*m + 6*l + 8 = 3*l, -3*m - 4*l = p. Let y(a) = -4*a**2 - 2*a + 1. Determine y(m).
-5
Let v(q) = 3*q - 1. Let p = 73 + -68. Give v(p).
14
Let p(q) = q. Let f(o) = -2*o + 1. Let i(j) = -2*f(j) - 3*p(j). Give i(-2).
-4
Let s(i) = -i**2 - 3*i - 3. Let o be 3/(-1) + 2/1. Let a be 0 - o - (1 - 2). Suppose 4*j + 14 = a. What is s(j)?
-3
Let q(c) = -2*c**3 + c**2 + 3*c - 1. Let d = 6 - 7. Let n be d - (-2 - (2 + -1)). Determine q(n).
-7
Let c = 8 + -2. Let o be 46/14 - c/21. Let w(n) be the second derivative of n**3/3 - 3*n**2/2 + 2*n. Calculate w(o).
3
Suppose 0 = 5*w + 3*b + 22, -4*w - b = -3*w + 4. Let v(k) = 5*k**2 - 23*k - 13. Let y(n) = 2*n**2 - 8*n - 4. Let t(r) = -3*v(r) + 8*y(r). Give t(w).
7
Let a(j) be the first derivative of -8*j**3/3 + j**2/2 + j + 58. Give a(-1).
-8
Let w(b) be the third derivative of -b**8/20160 - b**5/30 + b**2. Let n(t) be the third derivative of w(t). Let y = 36 + -35. Give n(y).
-1
Let d(y) = 4*y**2 + 2 + y - y**3 + 0*y - y**2. Suppose -5*p = 5*x + 8 + 2, 5*p = -2*x + 5. Determine d(p).
5
Let g(v) = v**3 + 5*v**2 + 4*v + 2. Let h be ((-12)/(-5))/((-2)/(-10)). Suppose 4*u = -4*l - h, -l - 1 + 0 = 0. What is g(u)?
6
Let w(n) = -n**2 - 7*n - 2. Let z(p) = -2*p - 1. Let i be z(-4). Suppose 4*h = 4*k + 20, -5*h = -i*h. Give w(k).
8
Let p(i) = -5*i + 12. Let k(a) = -2 - 2*a + a - 2*a + 10. Suppose -3*g = -15, 3*f - 5 = 2*g - 0. Let s(h) = f*p(h) - 8*k(h). What is s(-4)?
0
Let q(m) = -2*m - 11. Let k be q(-8). Let o(w) be the second derivative of w**5/20 - 5*w**4/12 - w**2/2 - 9*w. What is o(k)?
-1
Let v(u) = -5*u**3 + 4*u**2 + u + 3. Let s(f) = 4*f**3 - 3*f**2 - f - 2. Let n(r) = -4*s(r) - 3*v(r). Let z = 13 - 12. Determine n(z).
-1
Suppose 3*a = 5*y - 13, 0 = -2*y - 0*y - 5*a + 30. Let v(w) be the second derivative of -w**4/12 + 5*w**3/6 + 3*w**2 - w. Determine v(y).
6
Let t(n) = -n**2 - 2*n + 10. Let b(l) = l**3 + 14*l**2 + 2*l + 21. Let z be b(-14). What is t(z)?
-25
Let d(a) be the first derivative of -a**4/12 - a**3 - a**2/2 + a - 3. Let q(o) be the first derivative of d(o). Give q(-4).
7
Let u(z) = -2*z**2 - 3*z**3 + 7*z**2 + z**2 + 2*z**3 + 1 - 7*z. Give u(5).
-9
Let g(y) be the third derivative of -1/8*y**4 - 1/2*y**3 + 0*y - y**2 + 0 - 1/60*y**5. Let s be 14/(-6) + (-4)/(-12). Give g(s).
-1
Let l(n) = -n**3 - 14*n**2 + 16*n + 12. Let z be l(-15). Let y be (-6)/9 + (-2)/6. Let c = y - z. Let k(a) = -a**3 + 4*a**2 + a - 2. Give k(c).
8
Let a(m) = -m**3 - 6*m**2 + m + 7. Let s be a(-6). Let g(j) = 3*j. What is g(s)?
3
Let l(y) be the first derivative of y**4/4 - y**3/3 - 44. Calculate l(0).
0
Let k = 0 - -1/6. Let v(z) be the third derivative of 0 + 0*z**4 + k*z**3 + 0*z - 1/60*z**5 + 1/40*z**6 - 2*z**2. Calculate v(-1).
-3
Let d(o) be the third derivative of 0 - 1/12*o**4 - 7/720*o**6 + 0*o**3 - 1/120*o**5 + 0*o + 2*o**2. Let x(i) be the second derivative of d(i). Calculate x(1).
-8
Let z(k) = -k**3 + 4*k**2 - k + 1. Let d = 15 + -11. Determine z(d).
-3
Let c(i) = -7*i - i - 5*i**2 + 4*i**2 - 5 - 3. Calculate c(-6).
4
Let g(o) be the third derivative of o**4/24 + o**3/3 + 3*o**2. Suppose -d + 4*v + 20 = 0, 0 = 4*d - 4*v + v - 15. Determine g(d).
2
Let z(x) = 0*x**2 - x + 4 + x**2 + 5*x**2 - x**3 + 0*x. What is z(6)?
-2
Let v(d) = d**3 + 17*d**2 - 6 + 18*d**2 + 7*d - 28*d**2. What is v(-6)?
-12
Suppose -2*k + 7 + 5 = 0. Let p(r) = -r - 4. Give p(k).
-10
Suppose 8 = -3*o - o. Let t(s) = -5*s - 2. Let h(u) = u + 1. Suppose -2*m - 3*m = 0, m - 2 = -2*i. Let c(b) = i*t(b) + 3*h(b). Determine c(o).
5
Let d(n) be the first derivative of -2*n**3/3 - n + 1. Suppose w = 2*t - t - 5, 5*w + 19 = 4*t. Let o = -5 + t. Determine d(o).
-3
Let u(a) = -2*a**2 - 12*a - 6. Let f(h) = h**2 + 6*h + 3. Let c(t) = -7*f(t) - 3*u(t). Let o be c(-6). Let w(z) = -3 - z + z - z + 1. Give w(o).
1
Let t = -5 + 30. Suppose 3*u + t = 8*u. Let z(h) = -h**3 + 6*h**2 - 5*h. Give z(u).
0
Let a(g) = g**3 - 5*g**2 + 4. Let t be (3 - 0 - 3) + 28. Let y = -18 + t. Let j = y + -5. Calculate a(j).
4
Let d(s) = -s**2 - 3*s - 3. Let y be d(-3). Let l(z) = 2*z + 4. Let n be l(y). Let u(m) = 2*m**2 + m. What is u(n)?
6
Let u = 9 + 1. Let v = -7 + u. Let y(c) = -2*c**3 + 4*c**2 + 2*c - 3. What is y(v)?
-15
Let p(z) be the first derivative of z**3/3 + 9*z**2/2 - 3*z - 12. What is p(-10)?
7
Let p(n) = -3*n - 2. Suppose 22*o - 26*o = 8. Calculate p(o).
4
Let g = 0 - 0. Let j(v) = 2 + 3*v + g - 4. Determine j(3).
7
Suppose 0 = -4*w + 4*r - 4, 4*w - 23 = -3*r + 1. Suppose -w*u + 12 = -0*u. Suppose -2*s + u = 2*s. Let n(j) = 7*j. Determine n(s).
7
Let n(x) = -x + 1. Let d(o) = -o**2 - 11*o + 2. Let m(z) = d(z) - 6*n(z). Determine m(-3).
2
Let z(u) = -u - 8. Let p = -1 - -3. Let j be 3 - 5 - p/(-1). Calculate z(j).
-8
Suppose 0 = -4*v - 4*p + 5*p - 9, -3*p = -5*v - 20. Let d(g) = -2*g**2 - 3*g + 6. Let q(o) = o**2 - o + 1. Let b(a) = v*d(a) - 3*q(a). Calculate b(6).
-9
Let g(n) be the first derivative of -5*n**4/2 + n**3/3 - 5. Determine g(1).
-9
Let s(a) be the third derivative of 0*a - 1/6*a**4 + 0 - a**2 - 1/15*a**5 - 1/2*a**3 + 1/120*a**6. Suppose 0 = 21*c - 18*c - 15. Calculate s(c).
2
Let f(y) = -y**3 + 8*y**2 - 11*y - 7. Let o be f(6). Let j(s) = 4*s**3 + s**2 + s. Calculate j(o).
-4
Let r(u) = -2*u**2 - 4*u + 1. Suppose -10 = 2*x, 3*b - x + 5*x + 23 = 0. Let l be ((1 - 0) + -2)/b. Let g be 0 + -3 - (l + -1). Calculate r(g).
-5
Let d(a) = -1. Let q(r) = r - 3. Let s(v) = 7*d(v) - 2*q(v). Let f be (3 + 1 - 3)/1. Give s(f).
-3
Let r be -1*3 + (0 - (-6 - -4)). Let p(i) = -3*i**3 + 1. What is p(r)?
4
Suppose -2*w = 3*n - n - 2, -2*n + w + 5 = 0. Let b(t) = 2*t**3 + n*t - 3*t**3 + 2 + 0*t**3 + 2*t**3 + 5*t**2. What is b(-5)?
-8
Let o(f) = -f**2 - 1. Let b(h) = -h**3 - 3*h**2 + 5*h + 2. Let t(x) = b(x) + 2*o(x). Let z(n) = 3*n. Let p be z(-2). Determine t(p).
6
Let g = 6 + -4. Suppose -g*t + 1 = u, -2*t - 1 - 1 = 2*u. Let j(n) = -2*n - n + 2*n - 6*n - 2*n**t - 5. Calculate j(-4).
-9
Let c(o) = -o**3 + 6*o**2 + 10*o - 9. Suppose -g - 3*m = -4, -12*m - 24 = -3*g - 9*m. Calculate c(g).
12
Let l(r) = -2*r**3 + r**3 + r - 103 + 100. Suppose -2*v + 3*v + 3*k + 12 = 0, -2*v - 2*k - 8 = 0. Suppose -3*q + h = 1 - 5, q - 2*h - 8 = v. Determine l(q).
-3
Let y(n) be the first derivative of -n**4/4 + 7*n**3/3 - 5*n**2/2 + 9*n + 19. What is y(6)?
15
Let c(z) = 8*z - 1. Let g = 22 - 18. Suppose -3*o = 2*n - g*n - 2, n = -4*o - 1. What is c(n)?
-9
Suppose -12*c - n + 3 = -11*c, -8 = -c + 4*n. Let b(s) be the third derivative of 0*s**3 + 0*s + 3*s**2 - 1/24*s**c + 0. Determine b(1).
-1
Let s(w) = -4*w + 4. Let v be (-1)/(-4) + (-11)/(-4). Give s(v).
-8
Let i = -67 + 62. Let r(l) = -l - 1. What is r(i)?
4
Let o(q) = -15*q**3 + 23*q**2 + 13*q + 2. Let g(u) = -7*u**3 + 11*u**2 + 6*u + 1. Let a(m) = -13*g(m) + 6*o(m). Give a(5).
-1
Let p = 56 - 49. Let g(k) = k**3 - 8*k**2 + 8*k + 1. Calculate g(p).
8
Let o(z) be the third derivative of -z**4/12 - z**3/3 + 7*z**2. Let p = -14 - -12. Determine o(p).
2
Let t(d) = -2*d + 1. Suppose -4 - 1 = -l. Suppose -l = -5*p + 15. Determine t(p).
-7
Let r(m) be the third derivative of -m**8/6720 + m**6/360 - m**5/120 + 5*m**4/24 - 4*m**2. Let q(d) be the second derivative of r(d). What is q(1)?
0
Let l be (-1)/(-1) - (-3)/1. Suppose 0*r - l = -4*r. Let i(u) = -r - 4 + 3*u - 2*u. Give i(4).
-1
Suppose 3*p - 2*p = 1. Let w = 2 + p. Let z be (-3)/(-1*w) + -2. Let j(t) = 8*t**3 - 1. Determine j(z).
-9
Let q(h) = -h**3 + h**2 - 4*h + 3. Let k be (-18)/(-12) - 3/(-6). What is q(k)?
-9
Let d(o) = -7*o + 0*o + 3*o + 16 + 5*o. Calculate d(0).
16
Let l(o) = -o**3 + 3*o**2 + 5*o - 2. Let g be l(4). Let c(i) = 5*i**2 - 1 - i**3 - 9 + 8 - i. What is c(g)?
8
Let i(o) = -o**2 - 6*o - 8. Let q be i(-5). Let w(a) = -a**2 + a + 3. Give w(q).
-9
Suppose -5 + 2 = 3*t. Let d(w) = 5*w**2 + 2*w + 9. Let s(k) = -k**2 - 1. Let b(l) = t*d(l) - 6*s(l). Calculate b(4).
5
Let i be 2/4 + (-3)/(-2). Let p = -8 - -12. Let l(x) = -i + x + 6 - p*x. Calculate l(4).
-8
Let 